{"id":700,"date":"2025-07-22T16:42:00","date_gmt":"2025-07-22T21:42:00","guid":{"rendered":"https:\/\/www.cenelsur.com\/?post_type=product&#038;p=700"},"modified":"2025-07-22T16:45:14","modified_gmt":"2025-07-22T21:45:14","slug":"controlador-para-generador-dkg-307","status":"publish","type":"product","link":"https:\/\/www.cenelsur.com\/?product=controlador-para-generador-dkg-307","title":{"rendered":"Controlador para generador DKG 307"},"content":{"rendered":"<h1 id=\"title\" class=\"a-size-large a-spacing-none\"><span id=\"productTitle\" class=\"a-size-large product-title-word-break\">Controlador de generador, DKG 307 m\u00f3dulo controlador electr\u00f3nico del generador, panel de control para motor o generador, arranque\/parada autom\u00e1tica.<\/span><\/h1>\n<ul class=\"a-unordered-list a-vertical a-spacing-mini\">\n<li class=\"a-spacing-mini\"><span class=\"a-list-item\">DOBLE MATERIAL: El controlador est\u00e1 hecho de material de pantalla dura resistente a la abrasi\u00f3n y a los ara\u00f1azos con excelente, protegiendo la pantalla de da\u00f1os y mejorando su vida \u00fatil.<\/span><\/li>\n<li class=\"a-spacing-mini\"><span class=\"a-list-item\">PANTALLA DE PANTALLA LCD: El panel de control del generador adopta una pantalla LCD con botones t\u00e1ctiles ligeros para la operaci\u00f3n, utilizando paneles y botones de silicona.<\/span><\/li>\n<li class=\"a-spacing-mini\"><span class=\"a-list-item\">Dise\u00f1o estructural flexible: adopta un dise\u00f1o estructural modular con una carcasa de pl\u00e1stico ign\u00edfugo y terminales enchufables. Este dise\u00f1o lo hace compacto y f\u00e1cil de instalar, aplicable a diversos entornos y necesidades.<\/span><\/li>\n<li class=\"a-spacing-mini\"><span class=\"a-list-item\">PROTECCI\u00d3N IP65: Est\u00e1 dise\u00f1ado con un anillo de sellado de goma entre la carcasa y el panel de control, lo que logra el nivel de protecci\u00f3n de IP65.<\/span><\/li>\n<li class=\"a-spacing-mini\"><span class=\"a-list-item\">RENDIMIENTO CONFIABLE: El panel de control del generador puede adaptarse a una variedad de entornos de alta y baja temperatura para garantizar un funcionamiento normal y un rendimiento estable.<\/span><\/li>\n<\/ul>\n","protected":false},"excerpt":{"rendered":"<p id=\"title\" class=\"a-size-large a-spacing-none\"><span id=\"productTitle\" class=\"a-size-large product-title-word-break\">Controlador de generador, DKG 307 m\u00f3dulo controlador electr\u00f3nico del generador, panel de control para motor o generador, arranque\/parada autom\u00e1tica<\/span><\/p>\n","protected":false},"featured_media":701,"comment_status":"closed","ping_status":"closed","template":"","meta":[],"product_brand":[],"product_cat":[51],"product_tag":[],"class_list":{"0":"post-700","1":"product","2":"type-product","3":"status-publish","4":"has-post-thumbnail","6":"product_cat-datakom","8":"first","9":"instock","10":"taxable","11":"shipping-taxable","12":"product-type-simple"},"_links":{"self":[{"href":"https:\/\/www.cenelsur.com\/index.php?rest_route=\/wp\/v2\/product\/700","targetHints":{"allow":["GET"]}}],"collection":[{"href":"https:\/\/www.cenelsur.com\/index.php?rest_route=\/wp\/v2\/product"}],"about":[{"href":"https:\/\/www.cenelsur.com\/index.php?rest_route=\/wp\/v2\/types\/product"}],"replies":[{"embeddable":true,"href":"https:\/\/www.cenelsur.com\/index.php?rest_route=%2Fwp%2Fv2%2Fcomments&post=700"}],"wp:featuredmedia":[{"embeddable":true,"href":"https:\/\/www.cenelsur.com\/index.php?rest_route=\/wp\/v2\/media\/701"}],"wp:attachment":[{"href":"https:\/\/www.cenelsur.com\/index.php?rest_route=%2Fwp%2Fv2%2Fmedia&parent=700"}],"wp:term":[{"taxonomy":"product_brand","embeddable":true,"href":"https:\/\/www.cenelsur.com\/index.php?rest_route=%2Fwp%2Fv2%2Fproduct_brand&post=700"},{"taxonomy":"product_cat","embeddable":true,"href":"https:\/\/www.cenelsur.com\/index.php?rest_route=%2Fwp%2Fv2%2Fproduct_cat&post=700"},{"taxonomy":"product_tag","embeddable":true,"href":"https:\/\/www.cenelsur.com\/index.php?rest_route=%2Fwp%2Fv2%2Fproduct_tag&post=700"}],"curies":[{"name":"wp","href":"https:\/\/api.w.org\/{rel}","templated":true}]}}