{"id":686,"date":"2025-07-14T13:15:05","date_gmt":"2025-07-14T18:15:05","guid":{"rendered":"https:\/\/www.cenelsur.com\/?post_type=product&#038;p=686"},"modified":"2025-07-22T16:35:25","modified_gmt":"2025-07-22T21:35:25","slug":"simatics-plc-s7-1200","status":"publish","type":"product","link":"https:\/\/www.cenelsur.com\/?product=simatics-plc-s7-1200","title":{"rendered":"Simatics Plc s7 -1200"},"content":{"rendered":"<h2 class=\"intro__title\">Ser flexible gracias a las posibilidades de la red<\/h2>\n<p>Los controladores b\u00e1sicos SIMATIC S7-1200 son la opci\u00f3n ideal cuando se trata de realizar tareas de automatizaci\u00f3n de manera flexible y eficiente en el rango de rendimiento medio a bajo. Cuentan con una amplia gama de funciones tecnol\u00f3gicas e IO integradas, as\u00ed como un dise\u00f1o especialmente compacto y que ahorra espacio.<\/p>\n<p><a href=\"https:\/\/www.siemens.com\/mx\/es\/productos\/automatizacion\/systems\/industrial\/plc\/s7-1200.html\" target=\"_blank\" rel=\"noopener\"><strong><span style=\"color: #008080;\">VER VIDEO<\/span><\/strong><\/a><\/p>\n","protected":false},"excerpt":{"rendered":"<h2 class=\"intro__title\">Ser flexible gracias a las posibilidades de la red<\/h2>\n<p>Los controladores b\u00e1sicos SIMATIC S7-1200 son la opci\u00f3n ideal cuando se trata de realizar tareas de automatizaci\u00f3n de manera flexible y eficiente en el rango de rendimiento medio a bajo. Cuentan con una amplia gama de funciones tecnol\u00f3gicas e IO integradas, as\u00ed como un dise\u00f1o especialmente compacto y que ahorra espacio.<\/p>\n<p><a href=\"https:\/\/www.siemens.com\/mx\/es\/productos\/automatizacion\/systems\/industrial\/plc\/s7-1200.html\"><strong><span style=\"color: #008080;\">VER VIDEO<\/span><\/strong><\/a><\/p>\n","protected":false},"featured_media":688,"comment_status":"closed","ping_status":"closed","template":"","meta":[],"product_brand":[],"product_cat":[9],"product_tag":[50],"class_list":{"0":"post-686","1":"product","2":"type-product","3":"status-publish","4":"has-post-thumbnail","6":"product_cat-siemens","7":"product_tag-tecnologia-de-punta","9":"first","10":"instock","11":"taxable","12":"shipping-taxable","13":"product-type-simple"},"_links":{"self":[{"href":"https:\/\/www.cenelsur.com\/index.php?rest_route=\/wp\/v2\/product\/686","targetHints":{"allow":["GET"]}}],"collection":[{"href":"https:\/\/www.cenelsur.com\/index.php?rest_route=\/wp\/v2\/product"}],"about":[{"href":"https:\/\/www.cenelsur.com\/index.php?rest_route=\/wp\/v2\/types\/product"}],"replies":[{"embeddable":true,"href":"https:\/\/www.cenelsur.com\/index.php?rest_route=%2Fwp%2Fv2%2Fcomments&post=686"}],"wp:featuredmedia":[{"embeddable":true,"href":"https:\/\/www.cenelsur.com\/index.php?rest_route=\/wp\/v2\/media\/688"}],"wp:attachment":[{"href":"https:\/\/www.cenelsur.com\/index.php?rest_route=%2Fwp%2Fv2%2Fmedia&parent=686"}],"wp:term":[{"taxonomy":"product_brand","embeddable":true,"href":"https:\/\/www.cenelsur.com\/index.php?rest_route=%2Fwp%2Fv2%2Fproduct_brand&post=686"},{"taxonomy":"product_cat","embeddable":true,"href":"https:\/\/www.cenelsur.com\/index.php?rest_route=%2Fwp%2Fv2%2Fproduct_cat&post=686"},{"taxonomy":"product_tag","embeddable":true,"href":"https:\/\/www.cenelsur.com\/index.php?rest_route=%2Fwp%2Fv2%2Fproduct_tag&post=686"}],"curies":[{"name":"wp","href":"https:\/\/api.w.org\/{rel}","templated":true}]}}